+ 4*o = -30, -4*x + 22 = -3*o - 18. Let p = -5 + 26. Let f = p - x. What is the remainder when f is divided by 4?
3
Let v(a) = -3*a**3 - 13*a**2 - a + 8. Let s be v(-5). Let t = s - 34. What is the remainder when t is divided by 5?
4
Let d = -147 + 154. What is the remainder when 33 is divided by d?
5
Let d(x) = -24*x - 3. Let n be d(-1). Suppose 3*l = 10*l - n. Calculate the remainder when (-23 - (0 + l))*-2 is divided by 11.
8
Let w(a) = -5*a - 1. Let n be w(-1). Suppose 5 = -j - n*x, j = -3*j - x - 5. Calculate the remainder when 5 is divided by 1*(j + 1 + 3).
2
Suppose -8315 = -49*b + 7120. What is the remainder when 633 is divided by b?
3
Let m(b) = 4*b**3 - 3*b**2 - 7*b + 11. Calculate the remainder when 897 is divided by m(2).
13
Suppose -7*d + 26 - 33 = 0. What is the remainder when (26 - 17)/(d/(-4)) is divided by 31?
5
Let j = -2795 + 2814. Let r be 1/2 - 34/(-4). Let x = r + -4. What is the remainder when j is divided by x?
4
Suppose -2*z = t - 193, z - 133 = -2*t - 41. Calculate the remainder when z is divided by 33.
32
Suppose -220*n + 242*n = 528. Let o(u) = 2*u**3 + u**2 + u + 3. What is the remainder when o(3) is divided by n?
21
Suppose 10*u - 6*u - 208 = 0. What is the remainder when 309 is divided by u?
49
Let o(b) be the third derivative of 1/120*b**6 - 5/12*b**4 + 0*b - 2*b**3 + 7/60*b**5 + 5*b**2 + 0. What is the remainder when o(-7) is divided by 12?
10
Suppose -2*d - 10 = 0, 0 = 5*h - 5*d - 0*d - 55. Suppose s = 4*s - h. What is the remainder when 27 is divided by (s/3 - 0)*24?
11
Suppose 0 = -6*u - 3*u + 1368. Let j = u - 143. Let w = -6 - -21. What is the remainder when w is divided by j?
6
Calculate the remainder when 360 is divided by 2/(-3)*(-33075)/126.
10
Let i = 381 + -91. What is the remainder when i is divided by 76?
62
Suppose k + 1760 = 21*k. What is the remainder when k is divided by 3?
1
Let l(m) = 46*m + 5 + 5 - 45*m. Calculate the remainder when 103 is divided by l(16).
25
Suppose 19*c = 300 - 34. What is the remainder when 219 is divided by c?
9
Let x(d) = -d + 32. Calculate the remainder when (6/4)/(((-312)/(-1168))/13) is divided by x(13).
16
Calculate the remainder when (-1)/((-236)/(-60) + -4) is divided by 16/40 + 43/5.
6
Let n = 1110 + -713. Calculate the remainder when n is divided by 67.
62
What is the remainder when 2454 is divided by (-8)/(-7) - (-6640)/560?
10
Calculate the remainder when 22 is divided by (45/105)/(3/42).
4
Let v = -785 - -1459. What is the remainder when v is divided by 40?
34
Let c(f) = 4*f + 1. Suppose 0 = -2*x + 5*l - 0*l + 15, -4*x + 51 = -3*l. Suppose 16*b + x = 21*b. Calculate the remainder when 37 is divided by c(b).
11
Suppose 12*l - 2372 = 736. Calculate the remainder when l is divided by 26.
25
Suppose -701 + 25 = -4*b. Calculate the remainder when b is divided by 17.
16
Let l(y) be the first derivative of 2*y**3 - 4*y**2 - 7*y - 4. Let t(a) be the first derivative of l(a). What is the remainder when t(4) is divided by 14?
12
Suppose -56 = 2*h - 6*h. Suppose n = 5*b + 43, n - 2*b - 15 = 25. Calculate the remainder when n is divided by h.
10
Let h = -13 - 2. Let i = 29 + h. What is the remainder when i is divided by 8?
6
Let c(u) = u. Let l(b) = -b**3 + 7*b**2 + 9*b - 6. Let y be l(8). What is the remainder when (-9)/(-6)*2 + 40/10 is divided by c(y)?
1
Suppose 5 - 11 = -3*f. Suppose 0 = -f*p - 1 + 19. Calculate the remainder when 25 is divided by p.
7
Suppose -2548 - 2314 = -2*q. What is the remainder when q is divided by 19?
18
Let m be (12/(-3))/(1/(-5)). Suppose a + m = 6*a. Suppose 0*n + 20 = a*n. Calculate the remainder when n is divided by 3.
2
Let w = -3 - 0. Let z be w/(-9)*12*1. Let i = z - -6. What is the remainder when i is divided by 4?
2
Suppose -6*m = -m - 25, 5*u - 2*m + 110 = 0. Let x = -22 - u. Calculate the remainder when 65 is divided by x + 25 - (1 - 0).
21
Let h(f) be the third derivative of -f**4/24 + 2*f**3/3 - 14*f**2. Suppose -3*u + 1 = -5, 3*x + 19 = 2*u. Calculate the remainder when 26 is divided by h(x).
8
Let l = -604 - -1069. Suppose a + 4*a - l = 0. Let v = -15 - -39. What is the remainder when a is divided by v?
21
Let s(p) = -p**3 - 5*p**2 + 4*p + 6. Suppose 4*k + 3*b - 8 = 0, -3*b - 2*b + 2 = k. Suppose k*h = 4*h - 68. What is the remainder when h is divided by s(-6)?
16
Suppose 4*r + 0*r - 70 = 2*j, -j + 45 = 2*r. Let k = -24 - 13. Let q = 0 - k. Calculate the remainder when q is divided by r.
17
Calculate the remainder when 78 is divided by 6/9 - 635/(-15) - -4.
31
Suppose 6*u - 9 - 3 = 0. Suppose -u*z + 383 = -x, 6*x - 768 = -4*z + 10*x. Calculate the remainder when z is divided by 24.
23
Suppose -10 = -4*l - 2. Let m be l*(-4 + (-2 - -3)). Calculate the remainder when 6 is divided by m*2*4/(-12).
2
Let k(z) = -7*z - 150. Suppose 2*b - g - 108 = 0, -2*b + g + 3*g + 120 = 0. Calculate the remainder when b is divided by k(-24).
16
Let f(j) = j**2 - 12*j + 19. Let y be f(13). Suppose 0 = -3*z - 4*x + 56, -2*z - 5*x + y + 17 = 0. What is the remainder when 68 is divided by z?
8
Let h = 20 - 13. Let f = 60 - 26. Suppose -l + f = h. What is the remainder when l is divided by 7?
6
Let b = 75 + -54. Let s(j) = -j**3 + 21*j**2 + j + 17. Calculate the remainder when 151 is divided by s(b).
37
Let b = 63 - -8. Calculate the remainder when b is divided by 16/(-6)*-6 - -2.
17
Suppose 6*h = -3*b + 2*h - 4, 4 = -h. Suppose -b*i + 6*i = 192. What is the remainder when i is divided by 25?
21
Let w = 332 + -322. Calculate the remainder when 17 is divided by w.
7
Let m = -30 - -34. Let u(l) = 2*l**2 - 2*l - 6. Calculate the remainder when 71 is divided by u(m).
17
What is the remainder when 33/(-198) + 1*579/18 is divided by 15?
2
Let m(p) = p**2 + 2*p - 1. Suppose 0 = -0*k - 4*k - 204. What is the remainder when m(-6) is divided by k/(-4) - 3/(-12)?
10
Let m = 186 - 268. Let f = 38 + -35. What is the remainder when (-3)/(f/m*2) is divided by 11?
8
Suppose 13*a = 10*a + 30. Suppose 7*v + 45 = a*v. What is the remainder when 102 is divided by v?
12
Let v(a) = -10*a + 11. What is the remainder when v(-3) is divided by 20?
1
Suppose -5*i = -21*i + 240. What is the remainder when 147 is divided by i?
12
Suppose 3*g - 103 = -4*s + 6*s, 5*g - s - 174 = 0. Suppose -5*u = -3*o + 2*o - 513, 5*u - 4*o = 507. What is the remainder when u is divided by g?
33
Suppose 4*v + 86 = 9*g - 7*g, -4*v = -3*g + 87. Let o = v + 36. Let p = 90 - 16. Calculate the remainder when p is divided by o.
14
Let b(s) = -17*s - 188. Calculate the remainder when 119 is divided by b(-12).
7
Let g be 10/45 - 21/(-27). Suppose 5*a = -5*i + 6*a + 416, -a = g. Suppose 0 = 2*t - 0*t - 42. What is the remainder when i is divided by t?
20
Let f = 1 - -5. Suppose 2*y = -6, -2*y = 5*i - 0*y + 186. What is the remainder when (-2)/(i/(-44) + -1) is divided by f?
5
Let c = -14 - -10. Let s be 25 + c*2/(-8). Let p = s + -8. What is the remainder when 52 is divided by p?
16
Let m(o) be the second derivative of 0 - 7/6*o**3 + o**2 + 1/12*o**4 - 3*o. Calculate the remainder when m(8) is divided by 6.
4
Let j(t) = -45*t**2 - 9*t - 3. Let q(m) = 15*m**2 + 3*m + 1. Let f(l) = -6*j(l) - 17*q(l). Calculate the remainder when f(-1) is divided by 4.
1
What is the remainder when 104/(10/15 - (-12)/9) is divided by 27?
25
Let b = 110 + 17. Calculate the remainder when b is divided by 47.
33
Let m be 85/10 - (-2)/4. Let v be m/(-3) + -15 + 2. Let f(i) = i**2 + 9*i - 1. Calculate the remainder when f(v) is divided by 28.
27
Let t be ((-34)/(-3))/((-32)/(-48)). Suppose -t - 13 = -3*p. What is the remainder when 49 is divided by p?
9
Let r = 95 + -74. Calculate the remainder when -204*((-66)/(-12) - 6) is divided by r.
18
Let m(u) = -u**3 + 2*u + 2. Let y(k) = k + 1. Let s be y(-1). Let f be m(s). Suppose -35 = -f*b + 11. Calculate the remainder when b is divided by 9.
5
Let v = -36 + 75. Let l(y) = -y + 20. Calculate the remainder when v is divided by l(0).
19
Suppose -245 = -8*c + c. Let t = -5 + c. What is the remainder when 118 is divided by t?
28
Let o be 1/(39/(-18) + 2). Let u = 8 + o. Calculate the remainder when u is divided by (-8)/(-32) + 6/8.
0
Let f(s) = 189*s**3 - s**2 + 1. Let i be f(1). Suppose 5*t - i = -4*d, 5*t - 5*d + 4*d = 184. What is the remainder when t is divided by 13?
11
Suppose 